{"id":101,"date":"2015-06-24T22:37:44","date_gmt":"2015-06-24T20:37:44","guid":{"rendered":"http:\/\/www.hubert-asam.de\/?page_id=101"},"modified":"2021-06-03T13:33:04","modified_gmt":"2021-06-03T11:33:04","slug":"philosophie","status":"publish","type":"page","link":"https:\/\/www.hubert-asam.de\/?page_id=101","title":{"rendered":"Philosophie"},"content":{"rendered":"<p>[et_pb_section][et_pb_row][et_pb_column type=&#8220;1_4&#8243;][et_pb_image admin_label=&#8220;Bild&#8220; src=&#8220;http:\/\/www.hubert-asam.de\/WP\/wp-content\/uploads\/2015\/07\/Asam-Reto.jpg&#8220; show_in_lightbox=&#8220;off&#8220; url_new_window=&#8220;off&#8220; animation=&#8220;left&#8220; sticky=&#8220;off&#8220; align=&#8220;left&#8220; force_fullwidth=&#8220;off&#8220; always_center_on_mobile=&#8220;on&#8220; use_border_color=&#8220;off&#8220; border_color=&#8220;#ffffff&#8220; border_style=&#8220;solid&#8220; \/][\/et_pb_column][et_pb_column type=&#8220;1_4&#8243;][et_pb_text admin_label=&#8220;Text&#8220; background_layout=&#8220;light&#8220; text_orientation=&#8220;left&#8220; use_border_color=&#8220;off&#8220; border_color=&#8220;#ffffff&#8220; border_style=&#8220;solid&#8220;]<\/p>\n<h2><a href=\"http:\/\/www.hubert-asam.de\/WP\/wp-content\/uploads\/2015\/07\/logo100sw.jpg\"><img loading=\"lazy\" decoding=\"async\" class=\"alignnone size-full wp-image-264\" src=\"http:\/\/www.hubert-asam.de\/WP\/wp-content\/uploads\/2015\/07\/logo100sw.jpg\" alt=\"logo100sw\" width=\"100\" height=\"58\" \/><\/a><br \/>\nWir sind mit allem verbunden<\/h2>\n<p>Wir sind Teil eines gro\u00dfen Ganzen. Wie auch immer der Mensch es nennt. Wir kommen auf diese Welt, um zu lernen, dass wir Teil von etwas sind, zu dem wir danach zur\u00fcckkehren.<br \/>\nDie Welt ist unsere B\u00fchne, wir f\u00fcllen sie mit Bildern, um uns zurechtzufinden.<br \/>\nWir f\u00fcllen sie mit Kultur, um mit den Menschen zurecht zu kommen.<br \/>\nDoch die Realit\u00e4t ist anders. Unsere Bilder sind eben Bilder.<br \/>\nWir erwarten, die Welt in einer gewissen Art und Weise vorzufinden. Wenn wir sie dann wiegen oder messen, denken wir schon im vorhinein das Ergebnis hinein.<br \/>\nDie Ratio ist trickreich, sie erfindet sich ein erkl\u00e4rendes Bild knapp um den fokussierten Ring.<br \/>\nDie Ratio ist aber nur ein Notprogramm.<br \/>\nUnser intuitives Verm\u00f6gen ist es, das uns mit der Natur, der Welt, uns selbst verbindet.<br \/>\nSie beruhigt und bes\u00e4nftigt uns, l\u00e4sst unseren K\u00e4mpfen Sinn geben.<br \/>\nDie Ratio erlaubt es nur mit Z\u00f6gern.<br \/>\nDie Ratio sagt: Achtung Mensch! Du stehst am Rand der Klippe, wenn du einen Schritt nach vorne gehst, kommt das unbegreifbare NICHTS.<br \/>\nDie Intuition sagt: Geh den Schritt nach vorne, du selbst bist es, das dich da vorne erwartet.<br \/>\nWenn du darauf vertraust, wirst du dort etwas finden, das dich tr\u00e4gt. Niemand kann dir sagen, was das sein wird, es ist fremd und vertraut zugleich.<br \/>\nDie Intuition hat mich gelehrt: Es tr\u00e4gt. Warum es tr\u00e4gt? Weil Vertrauen es festigt.<br \/>\nIntuitive Denk &#8211; und Lebenssysteme funktionieren genau so.<br \/>\nMein Hund hat mich gelehrt. Vertraue uns Hunden, wir nehmen dich auf, wir zusammen k\u00f6nnen den Schritt in den Abgrund wagen, in vollkommener Sicherheit.<br \/>\nDer Rabe am Himmel hat mich gelehrt, mit ihm zu fliegen, das Pferd hat mich gelehrt, mit ihm zu laufen, die Maus hat mich gelehrt, mit ihr zu sein.<br \/>\nWir geh\u00f6ren zusammen, wir sind weniger verschieden als wir glauben und doch trennt uns ein strenger W\u00e4chter von den anderen.<\/p>\n<p>[\/et_pb_text][\/et_pb_column][et_pb_column type=&#8220;1_4&#8243;][et_pb_image admin_label=&#8220;Bild&#8220; src=&#8220;http:\/\/www.hubert-asam.de\/WP\/wp-content\/uploads\/2015\/07\/baumstein.jpg&#8220; show_in_lightbox=&#8220;off&#8220; url_new_window=&#8220;off&#8220; animation=&#8220;left&#8220; sticky=&#8220;off&#8220; align=&#8220;left&#8220; force_fullwidth=&#8220;off&#8220; always_center_on_mobile=&#8220;on&#8220; use_border_color=&#8220;off&#8220; border_color=&#8220;#ffffff&#8220; border_style=&#8220;solid&#8220; \/][\/et_pb_column][et_pb_column type=&#8220;1_4&#8243;][et_pb_text admin_label=&#8220;Text&#8220; background_layout=&#8220;light&#8220; text_orientation=&#8220;left&#8220; use_border_color=&#8220;off&#8220; border_color=&#8220;#ffffff&#8220; border_style=&#8220;solid&#8220;]<\/p>\n<h2><a href=\"http:\/\/www.hubert-asam.de\/WP\/wp-content\/uploads\/2015\/07\/logo100sw.jpg\"><img loading=\"lazy\" decoding=\"async\" class=\"alignnone size-full wp-image-264\" src=\"http:\/\/www.hubert-asam.de\/WP\/wp-content\/uploads\/2015\/07\/logo100sw.jpg\" alt=\"logo100sw\" width=\"100\" height=\"58\" \/><\/a><br \/>Lernen vom Wolf<\/h2>\n<p>Mein Tier stellt mir eine Frage.<br \/>Mein Tier darf das auch.<br \/>Mein Tier stellt seine Frage immer in der Welt des Tieres.<br \/>Ich lerne durch die Frage, die es mir stellt.<br \/>Das Tier lernt durch die Beantwortung seiner Frage, denn die Antwort betrifft nur den Teil des gemeinsamen Lebens.<\/p>\n<p>\u00dcber das Leben an sich hat das Tier keine Frage. Es kennt sich und seinen Platz in der Welt.<\/p>\n<p>Mein Hund will nur ein Hund sein.<br \/>Dann hat sein Leben einen Sinn. Er will lieber als Hund sterben, als vermenschlicht leben.<\/p>\n<p>Ein Mensch will nur ein Mensch sein. Ist er Mensch, fern von seiner Kultur, nur aus seinem Wesen heraus, ist er gl\u00fccklich. Ist er Mensch, muss er den Sinn des Lebens nicht mehr suchen, er kann sich mit ihm verbinden.<\/p>\n<p>Der Hund ist der Botschafter der Natur.<br \/>Der Mensch fragt die Natur unbewusst nach einem Lehrer.<br \/>Die Natur schickt ihm das Tier, das dem Menschen am \u00e4hnlichsten ist und das er doch so wenig kennt wie sich selbst.<\/p>\n<p>Der Mensch kennt das Weltall mehr, als seinen Mitmenschen.<br \/>Die Moral, die Kultur verstellt dem Menschen den Blick.<br \/>Der Hund kann den Blick des Menschen kl\u00e4ren. &#8222;Ich leihe dir meine Augen&#8220; spricht der Wolf zu uns.<br \/>Wir sind beide Raubtiere und lieben die Jagd und den Kampf. Wir sind beide liebevoll und mit unseren Br\u00fcdern und Schwestern tief verbunden. Alleine sind wir nichts.<\/p>\n<p>&#8222;Schau durch meine Augen und du wirst die Sch\u00f6nheit dessen, mit dem du verbunden bist, sehen.<br \/>Jetzt aber bist du blind vor Angst und das macht dich w\u00fctend. Du willst stark sein, doch die blinde Angst macht dich schwach und l\u00e4sst dich jeden bek\u00e4mpfen, der Augen hat, mit denen er sehen kann&#8220;.<br \/>Der Wolf ist geduldig.<br \/>&#8222;Du musst nicht stark sein&#8220; spricht der Wolf, du musst du selbst sein.<br \/>Der Schwache findet seinen Platz. Auch der Hase ist gl\u00fccklich, wenn sein Teil des Ganzen ist, von mir erbeutet zu werden. Auch der Hase ist mit seinesgleichen und mit uns tief verbunden. Wenn ich selbst einmal alt und schwach werde, bin ich so viel wie zuvor. Ich muss keine Angst haben, vor allem nicht vor dem Tod.<br \/>Ein Wolf hat niemals Angst.<br \/>Sei dem\u00fctig. Du bist nur ein Teil des Ganzen, so wie ich, so wie der Hase.<\/p>\n<p>[\/et_pb_text][\/et_pb_column][\/et_pb_row][\/et_pb_section]<\/p>\n","protected":false},"excerpt":{"rendered":"<p><div class=\"et_pb_section et_pb_section_0 et_section_regular\" >\n\t\t\t\t\n\t\t\t\t\n\t\t\t\t\n\t\t\t\t\n\t\t\t\t\n\t\t\t\t\n\t\t\t\t\n\t\t\t\t\n\t\t\t\t\n\t\t\t<\/div><div class=\"et_pb_row et_pb_row_0 et_pb_row_empty\">\n\t\t\t\t\n\t\t\t\t\n\t\t\t\t\n\t\t\t\t\n\t\t\t\t\n\t\t\t<\/div> Wir sind mit allem verbunden Wir sind Teil eines gro\u00dfen Ganzen. Wie auch immer der Mensch es nennt. Wir kommen auf diese Welt, um zu lernen, dass wir Teil von etwas sind, zu dem wir danach zur\u00fcckkehren. Die Welt ist unsere B\u00fchne, wir f\u00fcllen sie mit Bildern, um uns zurechtzufinden. Wir f\u00fcllen sie mit [&hellip;]<\/p>\n","protected":false},"author":3,"featured_media":0,"parent":0,"menu_order":0,"comment_status":"open","ping_status":"open","template":"","meta":{"_et_pb_use_builder":"on","_et_pb_old_content":"","_et_gb_content_width":"","footnotes":""},"class_list":["post-101","page","type-page","status-publish","hentry"],"_links":{"self":[{"href":"https:\/\/www.hubert-asam.de\/index.php?rest_route=\/wp\/v2\/pages\/101","targetHints":{"allow":["GET"]}}],"collection":[{"href":"https:\/\/www.hubert-asam.de\/index.php?rest_route=\/wp\/v2\/pages"}],"about":[{"href":"https:\/\/www.hubert-asam.de\/index.php?rest_route=\/wp\/v2\/types\/page"}],"author":[{"embeddable":true,"href":"https:\/\/www.hubert-asam.de\/index.php?rest_route=\/wp\/v2\/users\/3"}],"replies":[{"embeddable":true,"href":"https:\/\/www.hubert-asam.de\/index.php?rest_route=%2Fwp%2Fv2%2Fcomments&post=101"}],"version-history":[{"count":5,"href":"https:\/\/www.hubert-asam.de\/index.php?rest_route=\/wp\/v2\/pages\/101\/revisions"}],"predecessor-version":[{"id":4224,"href":"https:\/\/www.hubert-asam.de\/index.php?rest_route=\/wp\/v2\/pages\/101\/revisions\/4224"}],"wp:attachment":[{"href":"https:\/\/www.hubert-asam.de\/index.php?rest_route=%2Fwp%2Fv2%2Fmedia&parent=101"}],"curies":[{"name":"wp","href":"https:\/\/api.w.org\/{rel}","templated":true}]}}

<p>[et_pb_section][et_pb_row][et_pb_column type=&#8220;1_4&#8243;][et_pb_image admin_label=&#8220;Bild&#8220; src=&#8220;http://www.hubert-asam.de/WP/wp-content/uploads/2015/07/Asam-Reto.jpg&#8220; show_in_lightbox=&#8220;off&#8220; url_new_window=&#8220;off&#8220; animation=&#8220;left&#8220; sticky=&#8220;off&#8220; align=&#8220;left&#8220; force_fullwidth=&#8220;off&#8220; always_center_on_mobile=&#8220;on&#8220; use_border_color=&#8220;off&#8220; border_color=&#8220;#ffffff&#8220; border_style=&#8220;solid&#8220; /][/et_pb_column][et_pb_column type=&#8220;1_4&#8243;][et_pb_text admin_label=&#8220;Text&#8220; background_layout=&#8220;light&#8220; text_orientation=&#8220;left&#8220; use_border_color=&#8220;off&#8220; border_color=&#8220;#ffffff&#8220; border_style=&#8220;solid&#8220;]</p>
<h2><a href="http://www.hubert-asam.de/WP/wp-content/uploads/2015/07/logo100sw.jpg"><img loading="lazy" decoding="async" class="alignnone size-full wp-image-264" src="http://www.hubert-asam.de/WP/wp-content/uploads/2015/07/logo100sw.jpg" alt="logo100sw" width="100" height="58" /></a><br />
Wir sind mit allem verbunden</h2>
<p>Wir sind Teil eines großen Ganzen. Wie auch immer der Mensch es nennt. Wir kommen auf diese Welt, um zu lernen, dass wir Teil von etwas sind, zu dem wir danach zurückkehren.<br />
Die Welt ist unsere Bühne, wir füllen sie mit Bildern, um uns zurechtzufinden.<br />
Wir füllen sie mit Kultur, um mit den Menschen zurecht zu kommen.<br />
Doch die Realität ist anders. Unsere Bilder sind eben Bilder.<br />
Wir erwarten, die Welt in einer gewissen Art und Weise vorzufinden. Wenn wir sie dann wiegen oder messen, denken wir schon im vorhinein das Ergebnis hinein.<br />
Die Ratio ist trickreich, sie erfindet sich ein erklärendes Bild knapp um den fokussierten Ring.<br />
Die Ratio ist aber nur ein Notprogramm.<br />
Unser intuitives Vermögen ist es, das uns mit der Natur, der Welt, uns selbst verbindet.<br />
Sie beruhigt und besänftigt uns, lässt unseren Kämpfen Sinn geben.<br />
Die Ratio erlaubt es nur mit Zögern.<br />
Die Ratio sagt: Achtung Mensch! Du stehst am Rand der Klippe, wenn du einen Schritt nach vorne gehst, kommt das unbegreifbare NICHTS.<br />
Die Intuition sagt: Geh den Schritt nach vorne, du selbst bist es, das dich da vorne erwartet.<br />
Wenn du darauf vertraust, wirst du dort etwas finden, das dich trägt. Niemand kann dir sagen, was das sein wird, es ist fremd und vertraut zugleich.<br />
Die Intuition hat mich gelehrt: Es trägt. Warum es trägt? Weil Vertrauen es festigt.<br />
Intuitive Denk &#8211; und Lebenssysteme funktionieren genau so.<br />
Mein Hund hat mich gelehrt. Vertraue uns Hunden, wir nehmen dich auf, wir zusammen können den Schritt in den Abgrund wagen, in vollkommener Sicherheit.<br />
Der Rabe am Himmel hat mich gelehrt, mit ihm zu fliegen, das Pferd hat mich gelehrt, mit ihm zu laufen, die Maus hat mich gelehrt, mit ihr zu sein.<br />
Wir gehören zusammen, wir sind weniger verschieden als wir glauben und doch trennt uns ein strenger Wächter von den anderen.</p>
<p>[/et_pb_text][/et_pb_column][et_pb_column type=&#8220;1_4&#8243;][et_pb_image admin_label=&#8220;Bild&#8220; src=&#8220;http://www.hubert-asam.de/WP/wp-content/uploads/2015/07/baumstein.jpg&#8220; show_in_lightbox=&#8220;off&#8220; url_new_window=&#8220;off&#8220; animation=&#8220;left&#8220; sticky=&#8220;off&#8220; align=&#8220;left&#8220; force_fullwidth=&#8220;off&#8220; always_center_on_mobile=&#8220;on&#8220; use_border_color=&#8220;off&#8220; border_color=&#8220;#ffffff&#8220; border_style=&#8220;solid&#8220; /][/et_pb_column][et_pb_column type=&#8220;1_4&#8243;][et_pb_text admin_label=&#8220;Text&#8220; background_layout=&#8220;light&#8220; text_orientation=&#8220;left&#8220; use_border_color=&#8220;off&#8220; border_color=&#8220;#ffffff&#8220; border_style=&#8220;solid&#8220;]</p>
<h2><a href="http://www.hubert-asam.de/WP/wp-content/uploads/2015/07/logo100sw.jpg"><img loading="lazy" decoding="async" class="alignnone size-full wp-image-264" src="http://www.hubert-asam.de/WP/wp-content/uploads/2015/07/logo100sw.jpg" alt="logo100sw" width="100" height="58" /></a><br />Lernen vom Wolf</h2>
<p>Mein Tier stellt mir eine Frage.<br />Mein Tier darf das auch.<br />Mein Tier stellt seine Frage immer in der Welt des Tieres.<br />Ich lerne durch die Frage, die es mir stellt.<br />Das Tier lernt durch die Beantwortung seiner Frage, denn die Antwort betrifft nur den Teil des gemeinsamen Lebens.</p>
<p>Über das Leben an sich hat das Tier keine Frage. Es kennt sich und seinen Platz in der Welt.</p>
<p>Mein Hund will nur ein Hund sein.<br />Dann hat sein Leben einen Sinn. Er will lieber als Hund sterben, als vermenschlicht leben.</p>
<p>Ein Mensch will nur ein Mensch sein. Ist er Mensch, fern von seiner Kultur, nur aus seinem Wesen heraus, ist er glücklich. Ist er Mensch, muss er den Sinn des Lebens nicht mehr suchen, er kann sich mit ihm verbinden.</p>
<p>Der Hund ist der Botschafter der Natur.<br />Der Mensch fragt die Natur unbewusst nach einem Lehrer.<br />Die Natur schickt ihm das Tier, das dem Menschen am ähnlichsten ist und das er doch so wenig kennt wie sich selbst.</p>
<p>Der Mensch kennt das Weltall mehr, als seinen Mitmenschen.<br />Die Moral, die Kultur verstellt dem Menschen den Blick.<br />Der Hund kann den Blick des Menschen klären. &#8222;Ich leihe dir meine Augen&#8220; spricht der Wolf zu uns.<br />Wir sind beide Raubtiere und lieben die Jagd und den Kampf. Wir sind beide liebevoll und mit unseren Brüdern und Schwestern tief verbunden. Alleine sind wir nichts.</p>
<p>&#8222;Schau durch meine Augen und du wirst die Schönheit dessen, mit dem du verbunden bist, sehen.<br />Jetzt aber bist du blind vor Angst und das macht dich wütend. Du willst stark sein, doch die blinde Angst macht dich schwach und lässt dich jeden bekämpfen, der Augen hat, mit denen er sehen kann&#8220;.<br />Der Wolf ist geduldig.<br />&#8222;Du musst nicht stark sein&#8220; spricht der Wolf, du musst du selbst sein.<br />Der Schwache findet seinen Platz. Auch der Hase ist glücklich, wenn sein Teil des Ganzen ist, von mir erbeutet zu werden. Auch der Hase ist mit seinesgleichen und mit uns tief verbunden. Wenn ich selbst einmal alt und schwach werde, bin ich so viel wie zuvor. Ich muss keine Angst haben, vor allem nicht vor dem Tod.<br />Ein Wolf hat niemals Angst.<br />Sei demütig. Du bist nur ein Teil des Ganzen, so wie ich, so wie der Hase.</p>
<p>[/et_pb_text][/et_pb_column][/et_pb_row][/et_pb_section]</p>

<p><div class="et_pb_section et_pb_section_0 et_section_regular" >
				
				
				
				
				
				
				
				
				
			</div><div class="et_pb_row et_pb_row_0 et_pb_row_empty">
				
				
				
				
				
			</div> Wir sind mit allem verbunden Wir sind Teil eines großen Ganzen. Wie auch immer der Mensch es nennt. Wir kommen auf diese Welt, um zu lernen, dass wir Teil von etwas sind, zu dem wir danach zurückkehren. Die Welt ist unsere Bühne, wir füllen sie mit Bildern, um uns zurechtzufinden. Wir füllen sie mit [&hellip;]</p>
